{"id":2,"date":"2025-04-16T08:26:48","date_gmt":"2025-04-16T06:26:48","guid":{"rendered":"http:\/\/hantverkare.ax\/?page_id=2"},"modified":"2025-04-16T08:26:48","modified_gmt":"2025-04-16T06:26:48","slug":"sample-page","status":"publish","type":"page","link":"https:\/\/hantverkare.ax\/","title":{"rendered":"V\u00e4lkommen!"},"content":{"rendered":"<address><strong>Hantverkare.ax \u00e4r katalogen och hemsidan som presenterar hantverkare inom\u00a0alla omr\u00e5den d\u00e4r du kan beh\u00f6va hj\u00e4lp.\u00a0Alla tydligt presenterade med sitt speciella yrkeskunnande.<\/strong><\/address>\n<p style=\"text-align: left;\"><strong>H\u00e4r finns flera duktiga hantverkare, snickare, m\u00e5lare, pl\u00e5tslagare, svetsare, VVS-installat\u00f6rer, tr\u00e4dg\u00e5rdsspecialister och gr\u00e4vare. M\u00e5nga med ett l\u00e5ngt yrkesliv inom respektive fack. \u00a0<\/strong><\/p>\n<p style=\"text-align: left;\"><strong>H\u00e4r kan du f\u00e5 hj\u00e4lp med det enklaste hantverksuppdrag till det mest avancerade byggprojekt. Tveka inte att ta kontakt med den firma som passar just ditt uppdrag.<\/strong><\/p>\n","protected":false},"excerpt":{"rendered":"<p>Hantverkare.ax \u00e4r katalogen och hemsidan som presenterar hantverkare inom\u00a0alla omr\u00e5den d\u00e4r du kan beh\u00f6va hj\u00e4lp.\u00a0Alla tydligt presenterade med sitt speciella yrkeskunnande. H\u00e4r finns flera duktiga hantverkare, snickare, m\u00e5lare, pl\u00e5tslagare, svetsare, VVS-installat\u00f6rer, tr\u00e4dg\u00e5rdsspecialister och gr\u00e4vare. M\u00e5nga med ett l\u00e5ngt yrkesliv inom respektive fack. \u00a0 H\u00e4r kan du f\u00e5 hj\u00e4lp med det enklaste hantverksuppdrag till det mest &#8230; <a title=\"V\u00e4lkommen!\" class=\"read-more\" href=\"https:\/\/hantverkare.ax\/\" aria-label=\"More on V\u00e4lkommen!\">Read more<\/a><\/p>\n","protected":false},"author":1,"featured_media":0,"parent":0,"menu_order":0,"comment_status":"closed","ping_status":"closed","template":"","meta":{"footnotes":""},"aioseo_notices":[],"_links":{"self":[{"href":"https:\/\/hantverkare.ax\/index.php?rest_route=\/wp\/v2\/pages\/2"}],"collection":[{"href":"https:\/\/hantverkare.ax\/index.php?rest_route=\/wp\/v2\/pages"}],"about":[{"href":"https:\/\/hantverkare.ax\/index.php?rest_route=\/wp\/v2\/types\/page"}],"author":[{"embeddable":true,"href":"https:\/\/hantverkare.ax\/index.php?rest_route=\/wp\/v2\/users\/1"}],"replies":[{"embeddable":true,"href":"https:\/\/hantverkare.ax\/index.php?rest_route=%2Fwp%2Fv2%2Fcomments&post=2"}],"version-history":[{"count":14,"href":"https:\/\/hantverkare.ax\/index.php?rest_route=\/wp\/v2\/pages\/2\/revisions"}],"predecessor-version":[{"id":1675,"href":"https:\/\/hantverkare.ax\/index.php?rest_route=\/wp\/v2\/pages\/2\/revisions\/1675"}],"wp:attachment":[{"href":"https:\/\/hantverkare.ax\/index.php?rest_route=%2Fwp%2Fv2%2Fmedia&parent=2"}],"curies":[{"name":"wp","href":"https:\/\/api.w.org\/{rel}","templated":true}]}}